-2437
Convert -2198 (base 12) to base 5.
-104331
What is -11200 (base 8) in base 15?
-160b
1003421 (base 5) to base 7
64654
What is 110202110 (base 3) in base 7?
36054
What is 122707 (base 8) in base 12?
20687
What is 14 (base 14) in base 2?
10010
Convert 202541 (base 7) to base 8.
103416
What is 1118 (base 14) in base 16?
b92
What is -124004 (base 6) in base 11?
-8495
Convert 334b (base 15) to base 16.
2a77
What is 778 (base 9) in base 10?
638
Convert 2669 (base 13) to base 11.
4146
Convert -21002020 (base 3) to base 10.
-5163
1301231 (base 4) to base 14
291b
Convert -100101100011100 (base 2) to base 5.
-1103403
-1130033 (base 4) to base 3
-22002122
Convert 54023 (base 7) to base 9.
20332
What is -324 (base 5) in base 10?
-89
What is 3c34 (base 14) in base 3?
112120201
Convert 1132001 (base 5) to base 2.
101000110001100
Convert -22431 (base 9) to base 15.
-4657
Convert -21022211 (base 3) to base 8.
-12335
-1ff2 (base 16) to base 3
-102012220
Convert 2343 (base 12) to base 14.
1615
-14210 (base 7) to base 12
-22b2
What is 58a4 (base 11) in base 7?
31362
Convert 100121 (base 6) to base 4.
1322101
What is -19556 (base 12) in base 2?
-1001000011010010
What is -2022314 (base 5) in base 3?
-1200001002
Convert -2939b (base 12) to base 14.
-16da7
813 (base 10) to base 16
32d
Convert 203003 (base 4) to base 8.
4303
5271 (base 8) to base 6
20413
-30a (base 13) to base 11
-430
Convert -120211 (base 3) to base 6.
-1551
What is -38 (base 11) in base 6?
-105
Convert 21101 (base 4) to base 15.
298
What is -12643 (base 11) in base 12?
-a564
7b5 (base 14) to base 3
2002201
Convert -164 (base 11) to base 7.
-362
-d2b3 (base 15) to base 11
-30479
What is 33b1 (base 12) in base 8?
13165
Convert -10013022 (base 4) to base 13.
-7887
Convert 4ac (base 13) to base 16.
332
Convert -23437 (base 10) to base 4.
-11232031
What is 195 (base 13) in base 2?
100100011
-9670 (base 11) to base 6
-135102
a88d (base 14) to base 5
1413013
What is 1020221211 (base 3) in base 10?
24754
Convert 10915 (base 11) to base 14.
5a4a
-100200201 (base 3) to base 2
-1101110011010
Convert 5045 (base 7) to base 13.
a46
Convert -2620 (base 7) to base 4.
-33202
Convert 353135 (base 6) to base 15.
9095
Convert 420414 (base 5) to base 16.
3623
What is -3305 (base 16) in base 9?
-18822
Convert 3140 (base 12) to base 16.
1500
What is 323536 (base 7) in base 2?
1101110011001100
-101100111011 (base 2) to base 7
-11245
-644 (base 9) to base 12
-37a
976 (base 10) to base 11
808
Convert -70141 (base 9) to base 7.
-251146
-a885 (base 12) to base 10
-18533
Convert 870 (base 10) to base 3.
1012020
What is a18d (base 15) in base 10?
34108
-b386 (base 15) to base 4
-21100212
Convert -195 (base 16) to base 11.
-339
10010001001001 (base 2) to base 8
22111
What is 432 (base 7) in base 3?
22010
Convert 2011220 (base 3) to base 16.
636
878 (base 14) to base 6
11430
What is -324114 (base 5) in base 7?
-44351
Convert -388 (base 12) to base 8.
-1030
Convert -404302 (base 5) to base 9.
-18840
-160b (base 14) to base 8
-7533
-1351 (base 9) to base 7
-2653
Convert 1b3 (base 13) to base 5.
2230
-100 (base 14) to base 5
-1241
Convert 506 (base 10) to base 15.
23b
Convert -10001000100010 (base 2) to base 16.
-2222
Convert -13164 (base 12) to base 10.
-26140
Convert 446 (base 9) to base 3.
111120
Convert 313 (base 4) to base 15.
3a
What is -830 (base 12) in base 8?
-2244
Convert 23357 (base 8) to base 4.
2123233
-6b3 (base 14) to base 11
-1002
-a69 (base 11) to base 7
-3514
What is 45d1 (base 14) in base 4?
2331223
What is 5109 (base 14) in base 3?
201002202
Convert 1216 (base 15) to base 16.
f06
Convert 1311 (base 8) to base 3.
222102
What is -12130 (base 4) in base 11?
-345
Convert -9ab (base 15) to base 6.
-14042
What is 44473 (base 9) in base 8?
71556
Convert 11011102 (base 3) to base 9.
4142
What is 11104 (base 5) in base 16?
30b
-4627 (base 9) to base 4
-311203
Convert -c56b (base 14) to base 4.
-20103103
What is -345654 (base 7) in base 6?
-1155213
Convert -22101 (base 3) to base 14.
-122
What is -110121 (base 8) in base 11?
-25837
What is -4de (base 15) in base 5?
-13414
Convert -8cc (base 13) to base 11.
-1162
What is 1114225 (base 6) in base 2?
1101110101101001
858 (base 10) to base 3
1011210
What is -3018 (base 9) in base 3?
-10000122
Convert f7 (base 16) to base 10.
247
Convert -68 (base 13) to base 11.
-79
Convert -31312 (base 4) to base 16.
-376
30037 (base 8) to base 16
301f
Convert -12101020 (base 3) to base 16.
-f51
Convert c9d (base 16) to base 13.
1615
Convert -22647 (base 9) to base 6.
-153541
-1834 (base 9) to base 14
-728
Convert -12505 (base 8) to base 11.
-4100
What is 35524 (base 8) in base 12?
8958
What is 805 (base 13) in base 10?
1357
What is 7424 (base 10) in base 3?
101011222
-2222033 (base 4) to base 6
-122235
Convert -10288 (base 9) to base 10.
-6803
26914 (base 10) to base 16
6922
What is -84015 (base 9) in base 14?
-162a6
What is 20002100 (base 3) in base 7?
15636
-2794 (base 11) to base 7
-13350
What is -153d2 (base 14) in base 9?
-80516
1400141 (base 5) to base 13
ca90
-1030 (base 12) to base 16
-6e4
Convert 9926 (base 10) to base 13.
4697
Convert 338 (base 13) to base 8.
1052
What is 101101001 (base 2) in base 13?
21a
Convert -502 (base 7) to base 5.
-1442
1101202001 (base 3) to base 12
13b0a
Convert 2261 (base 8) to base 15.
551
What is 1011010100100011 (base 2) in base 6?
554403
What is -6d5 (base 16) in base 11?
-1350
20360 (base 7) to base 10
4991
Convert 102022 (base 3) to base 6.
1225
Convert 539 (base 16) to base 9.
1745
Convert -49 (base 13) to base 5.
-221
Convert -15443 (base 6) to base 3.
-10111100
-1453 (base 6) to base 2
-110001001
What is -103320 (base 4) in base 5?
-20042
-212302 (base 4) to base 14
-c94
What is 9099 (base 12) in base 9?
23440
What is 1010110010011 (base 2) in base 15?
1983
What is -2062 (base 8) in base 15?
-4b9
Convert -5313 (base 6) to base 5.
-14242
What is -11148 (base 13) in base 5?
-1442422
-13135 (base 8) to base 13
-27b5
Convert -20010313 (base 4) to base 16.
-8137
What is 2013 (base 7) in base 4?
22320
-5757 (base 8) to base 7
-11623
What is -1110110 (base 3) in base 7?
-3051
Convert -775 (base 11) to base 2.
-1110100001
What is 6333 (base 13) in base 3?
200211120
Convert -203100 (base 4) to base 8.
-4320
Convert 818a (base 15) to base 9.
41464
Convert -679 (base 13) to base 2.
-10001011010
What is 1569 (base 15) in base 16?
11f7
-1116 (base 10) to base 4
-101130
What is -191 (base 13) in base 9?
-348
-157 (base 11) to base 2
-10110111
Convert 517a (base 12) to base 16.
22ae
-10011101001011001 (base 2) to base 10
-80473
What is 26d3 (base 15) in base 5?
231143
Convert 17377 (base 11) to base 9.
36426
-60 (base 13) to base 4
-1032
15506 (base 7) to base 2
1000100001111
-12332212 (base 4) to base 8
-67646
Convert -529 (base 10) to base 2.
-1000010001
Convert -7db (base 16) to base 15.
-8e1
What is -a519 (base 12) in base 13?
-8283
Convert -407 (base 13) to base 11.
-571
Convert -193 (base 13) to base 15.
-144
What is -6586 (base 11) in base 12?
-5039
Convert -81b (base 13) to base 5.
-21001
What is 2166 (base 7) in base 2?
1100001111
Convert 51d (base 14) to base 3.
1101022
What is -2648 (base 11) in base 4?
-311300
Convert 41b (base 12) to base 9.
735
What is 21520 (base 10) in base 3?
1002112001
Convert 6a4a (base 13) to base 6.
153050
Convert 12302 (base 6) to base 10.
1838
Convert -2241 (base 16) to base 2.
-10001001000001
142 (base 11) to base 4
2213
-13aa (base 12) to base 11
-17a2
-50 (base 7) to base 9
-38
What is 11011110010 (base 2) in base 15?
7d8
203a (base 16) to base 5
231000
What is -2121222 (base 4) in base 7?
-40446
-5501 (base 10) to base 2
-1010101111101
-2325 (base 6) to base 13
-33b
33d (base 14) to base 2
1010000011
2025 (base 6) to base 3
121122
What is 43 (base 10) in base 5?
133
What is -100100010100101 (base 2) in base 15?
-579c
-1010 (base 8) to base 5
-4040
What is -503 (base 10) in base 5?
-4003
What is -4a9 (base 16) in base 2?
-10010101001
-5b9 (base 14) to base 3
-1120100
Convert 11d (base 16) to base 14.
165
What is -10040 (base 5) in base 16?
-285
What is 1b3 (base 16) in base 14?
231
-11341 (base 5) to base 16
-34e
What is 11243 (base 5) in base 13?
4b4
What is a85a (base 11) in base 2?
11100000000111
1010001